econd derivative of n**5/20 + 7*n**4/6 + 11*n**3/3 - 17*n. Let x be 26/(-2) + (-3)/(-3). What is the tens digit of t(x)?
2
Suppose -9*d + 4*d - 170 = 0. Let m = d + 49. Suppose -5*i + 20 = -m. What is the units digit of i?
7
Let u(l) = 25*l + 78. Let v be u(13). Suppose -12*a = -v - 2105. What is the units digit of a?
9
Suppose -r + 1 = 5. Let w be (r/(-1))/((-2)/(-10)). Suppose -13*v + w = -9*v. What is the units digit of v?
5
Let x(r) = 3*r**3 + 3*r**2 - r - 14. Let u(v) = -v**3 - 28*v**2 + 28*v - 22. Let n be u(-29). What is the hundreds digit of x(n)?
1
Let z be 1/(-2)*(538*-44)/11. Suppose 0 = 9*i - 2128 - z. What is the tens digit of i?
5
Let f = -3332 - -5153. Suppose 2*r + f = 3*l - 934, 3*r - 1828 = -2*l. What is the tens digit of l?
1
Let f(b) = -2*b**3 - 5*b**2 - 13*b + 9. Let g be f(-6). What is the hundreds digit of g + (-1 - 3) + 2?
3
What is the tens digit of 2091484216/47994 + (-4)/114?
7
Let s(r) = 12*r**2 - 48*r + 255. What is the units digit of s(-17)?
9
Let u(z) = 208*z**3 + 10*z**2 - 21*z + 10. What is the units digit of u(3)?
3
Let m(h) = 18*h - 15. Let k be m(1). Suppose 0 = 2*q - 0*l - k*l - 1413, -q + 679 = 4*l. What is the hundreds digit of q?
6
Let u be 9/90 - (-5 - (-8463)/(-70)). Let w = -52 + -16. Let i = u + w. What is the units digit of i?
8
Let f(d) = 2396*d**2 + 926*d - 13. What is the thousands digit of f(-4)?
4
Let i(q) = 4085*q**3 - 8*q**2 + 1. What is the hundreds digit of i(2)?
6
Suppose -8 = -9*c + 19. Suppose c*w = -3 - 12, -5*w - 4 = 3*k. What is the units digit of k?
7
Let l(a) = 93*a + 4954. What is the ten thousands digit of l(66)?
1
Let y = -380 - 620. Let d = 588 - y. What is the tens digit of d?
8
Let l = 65 - -24. Suppose l*h + 9672 = 102*h. What is the units digit of h?
4
Suppose 0 = 2*j + 12*j - 13902. Suppose 2*p - 2*k - 392 = -k, 0 = 5*p + 4*k - j. What is the tens digit of p?
9
Suppose -3*o - 9 = 12. Let j(u) be the second derivative of u**5/20 + 2*u**4/3 - u**3 - 3*u**2/2 + 8*u. What is the units digit of j(o)?
8
Suppose 5*b = 2*u + 23, -3*b - 3 = u - 8. What is the tens digit of u/10 + (-3267)/(-55)?
5
Let f = 37441 - 25612. What is the thousands digit of f?
1
Suppose -19*f = -171024 - 15499. What is the thousands digit of f?
9
Suppose 17*n - 7492 = 81843. What is the thousands digit of n?
5
Let f = 26 + -80. Let t = 75 + f. Let i = t + 21. What is the units digit of i?
2
Suppose -12*i + 15943 + 737042 = 33*i. What is the thousands digit of i?
6
Suppose 3*a = 4*n - 9, 0 = a + 3*n - 12 + 2. Let v be a*2/(6 + -4). What is the tens digit of ((-1)/v)/(1 + (-80)/76)?
1
Suppose -96*j = -141*j + 231030. What is the units digit of j?
4
Suppose -3*b = b - c + 29, 3*b + 25 = 4*c. Let m(y) be the second derivative of -y**5/10 - 5*y**4/6 - y**3 - 2*y**2 - 12*y. What is the tens digit of m(b)?
3
Suppose 5*i - 13306 = -m, -5*i - 16*m + 11*m = -13310. What is the thousands digit of i?
2
Let x = 2458 - -6464. What is the thousands digit of x?
8
Suppose 0 = -15*q + 12*q + 24. Suppose 5*w = -q*w - 3575. Let b = 405 + w. What is the tens digit of b?
3
Let w(f) = 40*f - 19*f + 14 - 24*f. Let y be w(9). Let o(j) = j**3 + 15*j**2 + 14*j + 6. What is the hundreds digit of o(y)?
1
Let y(k) = -19*k - 74. Let h be y(-4). What is the thousands digit of 2469*h/(-8)*(-56)/21?
1
Let u(v) = -54*v - 84. Let s(z) = -13*z - 20. Let x(h) = -9*s(h) + 2*u(h). Suppose -36 = -c - 3*c. What is the units digit of x(c)?
3
Let b = 27343 + -19369. What is the thousands digit of b?
7
What is the thousands digit of 330/(-120) - 134673/(-12)?
1
Let l = -1999 + 3989. Suppose 5*h + l = 5*n, -3*n - 6*h + 1206 = -3*h. What is the units digit of n?
0
Let s(i) be the first derivative of 51*i**2/2 - 158*i - 81. What is the tens digit of s(28)?
7
Let w(x) = x**3 + 47*x**2 + 77*x - 152. What is the tens digit of w(-41)?
7
Let b be (-1)/3 - 175/(-21). Let r(x) be the first derivative of x**4/4 - 2*x**3 - 13*x**2/2 - 12*x - 79. What is the units digit of r(b)?
2
Let p(g) = -g**3 + 32*g**2 + 7 - 27*g**2 + 0*g**3 + 7*g. What is the units digit of p(-3)?
8
What is the units digit of 3188 + (-208)/13 + -10?
2
Let s(r) = 3*r - 9. Let f be s(-1). Suppose -v = -8 - 10. What is the units digit of v*31*4*(-1)/f?
6
Let h(g) = 4*g**2 - 19*g + 12. Let i be (20/(-14))/((-33)/231)*2. What is the tens digit of h(i)?
3
Let p = -57 - -65. Suppose p*o - 71 = -15. What is the units digit of o?
7
Suppose 18*i - 302829 = -8448 + 88137. What is the ten thousands digit of i?
2
Suppose 10*t = 19*t - 81. Suppose -14*o + t*o + 880 = 0. What is the hundreds digit of o?
1
Let d = 49 + -33. What is the units digit of 4*8/d + 1*635?
7
Let a = 37 - 35. Let m be (2 + (2 - 2) + 0)/1. Suppose 84 = a*f + m*f. What is the units digit of f?
1
Suppose -4938*r + 4958*r - 173552 = -25472. What is the hundreds digit of r?
4
Let c be -2 + (-4)/4 - -18. What is the tens digit of 1150/c*(3 + 0)?
3
Let o(w) = 6*w**2 + w + 1. Let p be o(-1). Let j be -8*((-21)/p)/(-7). What is the units digit of ((-9)/(-2))/((-2)/j)?
9
Let o(p) = -p**3 + 16*p**2 + 25*p - 38. Let b = -16 + 33. Let z be o(b). Let g = -45 + z. What is the units digit of g?
3
Suppose 218*c - 2290 - 1663 = 7383. What is the tens digit of c?
5
Let g be 172 + (-1 - (-1 - -7)). Suppose 7*a - 4*y - g = 2*a, 5*y - 25 = 0. What is the tens digit of a?
3
Let x = 38 - 36. Suppose -f = -x*d - 2 - 4, f - 15 = 5*d. Suppose -4*o + 4 = 0, 3*r + 4*o - 8 - 407 = f. What is the units digit of r?
7
Let k(g) = 8*g + 28*g - 73*g + 14*g + 5*g**2 - 9. Let w(b) = -3*b**2 + 12*b + 4. Let d(v) = 4*k(v) + 7*w(v). What is the units digit of d(-6)?
4
Let t = -13662 + 24812. What is the hundreds digit of t?
1
Let m be -6 + 3 + (-245)/5. Let v = 56 + m. Suppose -3*d = -5*f - 19, -70 = -4*d - v*f - 2. What is the tens digit of d?
1
Let k(d) be the first derivative of -d**4/4 - d**3/3 - 2*d**2 + 3. Let x = -628 + 624. What is the units digit of k(x)?
4
What is the hundreds digit of (8 - 35/5)*(4426 + 1)?
4
Suppose -2731*o - 41022 = -2737*o. What is the tens digit of o?
3
Suppose 0 = -2*j + 1730 + 1608. Suppose v + 5*x + 386 = 0, 165 = -5*v - x - j. Let l = -221 - v. What is the hundreds digit of l?
1
Let q be 396/(-22)*(-2)/(-3). What is the units digit of (-6)/(-72)*-9*q?
9
Let b(q) = -2*q**2 + 2*q - 1. Let x be b(-4). Let r = x + 44. Suppose -5*w - r*i + 398 = 0, 2*i = -2*i + 4. What is the units digit of w?
9
Suppose -20*c = -6*c - 42. What is the hundreds digit of 0 - (-694)/c - (-5)/(-15)?
2
Let g be 36 - ((7 - -3) + -4). Suppose 4*c - g*c + 4238 = 0. What is the tens digit of c?
6
What is the hundreds digit of 50/(-50) - 4/(24/(-163026))?
1
Suppose -5*r + 12801 = -41*w + 38*w, -3*r + 3*w = -7683. Let n = r + -1422. What is the hundreds digit of n?
1
Suppose 0 = -32*f + 18*f - 896. What is the units digit of 3*17/((-408)/f)?
8
Let t = 25141 - 17016. What is the thousands digit of t?
8
Suppose -418*q - 4053 = -425*q. Let c = q + 343. What is the units digit of c?
2
Suppose 43*g - 40*g = 2*z + 41141, z = -4. What is the thousands digit of g?
3
Let r be 3/2*60/18. Suppose -f = -r*f + 576. What is the units digit of f?
4
Let a(l) = -23*l - 65. Let v be a(-3). Suppose 0 = y + 5, 0 = -6*u + 3*u + v*y + 1043. What is the units digit of u?
1
Suppose -1856*o = -1846*o - 137050. What is the tens digit of o?
0
Let j(i) = i**3 - 110*i**2 - 308*i + 804. What is the hundreds digit of j(113)?
3
Let u = -27 + 42. Suppose -u = -38*q + 33*q. Suppose -q*f - z + 14 = 0, f - 6*z - 2 = -5*z. What is the units digit of f?
4
Suppose 0 = 6*y + 5654 - 1502. Let t = y - -1214. What is the tens digit of t?
2
Let p(o) = 93*o - 2. Suppose 0 = -0*x - 4*x + 76. Suppose -14 = -5*l + 11, -4*l = -y - x. What is the units digit of p(y)?
1
Suppose 5*y = -3*w - 349, -4*w = 3*y - 2*y + 437. Let i be ((-2)/5)/((-3)/(-600)). Let d = i - w. What is the tens digit of d?
2
Let i(a) = 813*a**2 + 34*a + 109. What is the tens digit of i(-6)?
7
Let i(k) = -k - 5. Let a be i(-8). Suppose -4*b - l = -63, 2*b = 5*b - a*l - 66. Suppose -b = h - 107. What is the tens digit of h?
9
Let r(q) = 4*q**2 - 14*q - 16. Let t be r(6). Suppose t*h - 8029 = 13*h. What is the tens digit of h?
5
Suppose 2*q = 5*l - 0*q - 6, 0 = 4*l + q - 10. Let i = 1066 - 1062. What is the tens digit of -1 + (l - i)*-9?
1
Let o =